{"id":2683,"date":"2022-05-30T16:28:31","date_gmt":"2022-05-30T14:28:31","guid":{"rendered":"https:\/\/www.fairtrade.es\/productos\/arroz-blanco-aromatico-hom-mali-ecologico-1kg\/"},"modified":"2022-05-30T16:28:31","modified_gmt":"2022-05-30T14:28:31","slug":"arroz-blanco-aromatico-hom-mali-ecologico-1kg","status":"publish","type":"productos","link":"https:\/\/www.fairtrade.es\/pt\/produtos\/branco-arromatico-arroz-hom-mali-ecologico-1kg\/","title":{"rendered":"Arroz branco arom\u00e1tico Hom Mali org\u00e2nico 1kg"},"content":{"rendered":"","protected":false},"featured_media":1747,"template":"","tipologias":[13],"marcas":[15],"class_list":["post-2683","productos","type-productos","status-publish","has-post-thumbnail","hentry","tipologias-otros","marcas-eza"],"acf":[],"yoast_head":"<!-- This site is optimized with the Yoast SEO plugin v27.5 - https:\/\/yoast.com\/product\/yoast-seo-wordpress\/ -->\n<title>Arroz blanco arom\u00e1tico Hom Mali ecol\u00f3gico 1kg | Fairtrade<\/title>\n<meta name=\"description\" content=\"Arroz blanco arom\u00e1tico Hom Mali ecol\u00f3gico 1kg\" \/>\n<meta name=\"robots\" content=\"noindex, follow\" \/>\n<meta property=\"og:locale\" content=\"pt_PT\" \/>\n<meta property=\"og:type\" content=\"article\" \/>\n<meta property=\"og:title\" content=\"Arroz blanco arom\u00e1tico Hom Mali ecol\u00f3gico 1kg | Fairtrade\" \/>\n<meta property=\"og:description\" content=\"Arroz blanco arom\u00e1tico Hom Mali ecol\u00f3gico 1kg\" \/>\n<meta property=\"og:url\" content=\"https:\/\/www.fairtrade.es\/pt\/produtos\/branco-arromatico-arroz-hom-mali-ecologico-1kg\/\" \/>\n<meta property=\"og:site_name\" content=\"Fairtrade\" \/>\n<meta property=\"article:publisher\" content=\"https:\/\/www.facebook.com\/fairtradeiberica\" \/>\n<meta property=\"og:image\" content=\"https:\/\/www.fairtrade.es\/wp-content\/uploads\/2022\/04\/arroz-blanco-aromatico-hom-mali-ecologico-1kg.jpg\" \/>\n\t<meta property=\"og:image:width\" content=\"500\" \/>\n\t<meta property=\"og:image:height\" content=\"500\" \/>\n\t<meta property=\"og:image:type\" content=\"image\/jpeg\" \/>\n<meta name=\"twitter:card\" content=\"summary_large_image\" \/>\n<meta name=\"twitter:site\" content=\"@fairtradeES\" \/>\n<script type=\"application\/ld+json\" class=\"yoast-schema-graph\">{\"@context\":\"https:\\\/\\\/schema.org\",\"@graph\":[{\"@type\":\"WebPage\",\"@id\":\"https:\\\/\\\/www.fairtrade.es\\\/productos\\\/arroz-blanco-aromatico-hom-mali-ecologico-1kg\\\/\",\"url\":\"https:\\\/\\\/www.fairtrade.es\\\/productos\\\/arroz-blanco-aromatico-hom-mali-ecologico-1kg\\\/\",\"name\":\"Arroz blanco arom\u00e1tico Hom Mali ecol\u00f3gico 1kg | Fairtrade\",\"isPartOf\":{\"@id\":\"https:\\\/\\\/www.fairtrade.es\\\/#website\"},\"primaryImageOfPage\":{\"@id\":\"https:\\\/\\\/www.fairtrade.es\\\/productos\\\/arroz-blanco-aromatico-hom-mali-ecologico-1kg\\\/#primaryimage\"},\"image\":{\"@id\":\"https:\\\/\\\/www.fairtrade.es\\\/productos\\\/arroz-blanco-aromatico-hom-mali-ecologico-1kg\\\/#primaryimage\"},\"thumbnailUrl\":\"https:\\\/\\\/www.fairtrade.es\\\/wp-content\\\/uploads\\\/2022\\\/04\\\/arroz-blanco-aromatico-hom-mali-ecologico-1kg.jpg\",\"datePublished\":\"2022-05-30T14:28:31+00:00\",\"description\":\"Arroz blanco arom\u00e1tico Hom Mali ecol\u00f3gico 1kg\",\"breadcrumb\":{\"@id\":\"https:\\\/\\\/www.fairtrade.es\\\/productos\\\/arroz-blanco-aromatico-hom-mali-ecologico-1kg\\\/#breadcrumb\"},\"inLanguage\":\"pt-PT\",\"potentialAction\":[{\"@type\":\"ReadAction\",\"target\":[\"https:\\\/\\\/www.fairtrade.es\\\/productos\\\/arroz-blanco-aromatico-hom-mali-ecologico-1kg\\\/\"]}]},{\"@type\":\"ImageObject\",\"inLanguage\":\"pt-PT\",\"@id\":\"https:\\\/\\\/www.fairtrade.es\\\/productos\\\/arroz-blanco-aromatico-hom-mali-ecologico-1kg\\\/#primaryimage\",\"url\":\"https:\\\/\\\/www.fairtrade.es\\\/wp-content\\\/uploads\\\/2022\\\/04\\\/arroz-blanco-aromatico-hom-mali-ecologico-1kg.jpg\",\"contentUrl\":\"https:\\\/\\\/www.fairtrade.es\\\/wp-content\\\/uploads\\\/2022\\\/04\\\/arroz-blanco-aromatico-hom-mali-ecologico-1kg.jpg\",\"width\":500,\"height\":500},{\"@type\":\"BreadcrumbList\",\"@id\":\"https:\\\/\\\/www.fairtrade.es\\\/productos\\\/arroz-blanco-aromatico-hom-mali-ecologico-1kg\\\/#breadcrumb\",\"itemListElement\":[{\"@type\":\"ListItem\",\"position\":1,\"name\":\"Portada\",\"item\":\"https:\\\/\\\/www.fairtrade.es\\\/\"},{\"@type\":\"ListItem\",\"position\":2,\"name\":\"Productos\",\"item\":\"https:\\\/\\\/www.fairtrade.es\\\/productos\\\/\"},{\"@type\":\"ListItem\",\"position\":3,\"name\":\"Arroz blanco arom\u00e1tico Hom Mali ecol\u00f3gico 1kg\"}]},{\"@type\":\"WebSite\",\"@id\":\"https:\\\/\\\/www.fairtrade.es\\\/#website\",\"url\":\"https:\\\/\\\/www.fairtrade.es\\\/\",\"name\":\"Fairtrade\",\"description\":\"Sello l\u00edder de comercio justo\",\"publisher\":{\"@id\":\"https:\\\/\\\/www.fairtrade.es\\\/#organization\"},\"potentialAction\":[{\"@type\":\"SearchAction\",\"target\":{\"@type\":\"EntryPoint\",\"urlTemplate\":\"https:\\\/\\\/www.fairtrade.es\\\/?s={search_term_string}\"},\"query-input\":{\"@type\":\"PropertyValueSpecification\",\"valueRequired\":true,\"valueName\":\"search_term_string\"}}],\"inLanguage\":\"pt-PT\"},{\"@type\":\"Organization\",\"@id\":\"https:\\\/\\\/www.fairtrade.es\\\/#organization\",\"name\":\"Fairtrade Ib\u00e9rica\",\"url\":\"https:\\\/\\\/www.fairtrade.es\\\/\",\"logo\":{\"@type\":\"ImageObject\",\"inLanguage\":\"pt-PT\",\"@id\":\"https:\\\/\\\/www.fairtrade.es\\\/#\\\/schema\\\/logo\\\/image\\\/\",\"url\":\"https:\\\/\\\/www.fairtrade.es\\\/wp-content\\\/uploads\\\/2022\\\/03\\\/Fairtrade-iberica-logo.png\",\"contentUrl\":\"https:\\\/\\\/www.fairtrade.es\\\/wp-content\\\/uploads\\\/2022\\\/03\\\/Fairtrade-iberica-logo.png\",\"width\":340,\"height\":407,\"caption\":\"Fairtrade Ib\u00e9rica\"},\"image\":{\"@id\":\"https:\\\/\\\/www.fairtrade.es\\\/#\\\/schema\\\/logo\\\/image\\\/\"},\"sameAs\":[\"https:\\\/\\\/www.facebook.com\\\/fairtradeiberica\",\"https:\\\/\\\/x.com\\\/fairtradeES\",\"https:\\\/\\\/www.instagram.com\\\/fairtradeiberica\\\/\",\"https:\\\/\\\/www.linkedin.com\\\/company\\\/fairtrade-iberica\",\"https:\\\/\\\/www.youtube.com\\\/user\\\/sellofairtrade\"]}]}<\/script>\n<!-- \/ Yoast SEO plugin. -->","yoast_head_json":{"title":"Arroz blanco arom\u00e1tico Hom Mali ecol\u00f3gico 1kg | Fairtrade","description":"Arroz blanco arom\u00e1tico Hom Mali ecol\u00f3gico 1kg","robots":{"index":"noindex","follow":"follow"},"og_locale":"pt_PT","og_type":"article","og_title":"Arroz blanco arom\u00e1tico Hom Mali ecol\u00f3gico 1kg | Fairtrade","og_description":"Arroz blanco arom\u00e1tico Hom Mali ecol\u00f3gico 1kg","og_url":"https:\/\/www.fairtrade.es\/pt\/produtos\/branco-arromatico-arroz-hom-mali-ecologico-1kg\/","og_site_name":"Fairtrade","article_publisher":"https:\/\/www.facebook.com\/fairtradeiberica","og_image":[{"width":500,"height":500,"url":"https:\/\/www.fairtrade.es\/wp-content\/uploads\/2022\/04\/arroz-blanco-aromatico-hom-mali-ecologico-1kg.jpg","type":"image\/jpeg"}],"twitter_card":"summary_large_image","twitter_site":"@fairtradeES","schema":{"@context":"https:\/\/schema.org","@graph":[{"@type":"WebPage","@id":"https:\/\/www.fairtrade.es\/productos\/arroz-blanco-aromatico-hom-mali-ecologico-1kg\/","url":"https:\/\/www.fairtrade.es\/productos\/arroz-blanco-aromatico-hom-mali-ecologico-1kg\/","name":"Arroz blanco arom\u00e1tico Hom Mali ecol\u00f3gico 1kg | Fairtrade","isPartOf":{"@id":"https:\/\/www.fairtrade.es\/#website"},"primaryImageOfPage":{"@id":"https:\/\/www.fairtrade.es\/productos\/arroz-blanco-aromatico-hom-mali-ecologico-1kg\/#primaryimage"},"image":{"@id":"https:\/\/www.fairtrade.es\/productos\/arroz-blanco-aromatico-hom-mali-ecologico-1kg\/#primaryimage"},"thumbnailUrl":"https:\/\/www.fairtrade.es\/wp-content\/uploads\/2022\/04\/arroz-blanco-aromatico-hom-mali-ecologico-1kg.jpg","datePublished":"2022-05-30T14:28:31+00:00","description":"Arroz blanco arom\u00e1tico Hom Mali ecol\u00f3gico 1kg","breadcrumb":{"@id":"https:\/\/www.fairtrade.es\/productos\/arroz-blanco-aromatico-hom-mali-ecologico-1kg\/#breadcrumb"},"inLanguage":"pt-PT","potentialAction":[{"@type":"ReadAction","target":["https:\/\/www.fairtrade.es\/productos\/arroz-blanco-aromatico-hom-mali-ecologico-1kg\/"]}]},{"@type":"ImageObject","inLanguage":"pt-PT","@id":"https:\/\/www.fairtrade.es\/productos\/arroz-blanco-aromatico-hom-mali-ecologico-1kg\/#primaryimage","url":"https:\/\/www.fairtrade.es\/wp-content\/uploads\/2022\/04\/arroz-blanco-aromatico-hom-mali-ecologico-1kg.jpg","contentUrl":"https:\/\/www.fairtrade.es\/wp-content\/uploads\/2022\/04\/arroz-blanco-aromatico-hom-mali-ecologico-1kg.jpg","width":500,"height":500},{"@type":"BreadcrumbList","@id":"https:\/\/www.fairtrade.es\/productos\/arroz-blanco-aromatico-hom-mali-ecologico-1kg\/#breadcrumb","itemListElement":[{"@type":"ListItem","position":1,"name":"Portada","item":"https:\/\/www.fairtrade.es\/"},{"@type":"ListItem","position":2,"name":"Productos","item":"https:\/\/www.fairtrade.es\/productos\/"},{"@type":"ListItem","position":3,"name":"Arroz blanco arom\u00e1tico Hom Mali ecol\u00f3gico 1kg"}]},{"@type":"WebSite","@id":"https:\/\/www.fairtrade.es\/#website","url":"https:\/\/www.fairtrade.es\/","name":"Fairtrade","description":"Sello l\u00edder de comercio justo","publisher":{"@id":"https:\/\/www.fairtrade.es\/#organization"},"potentialAction":[{"@type":"SearchAction","target":{"@type":"EntryPoint","urlTemplate":"https:\/\/www.fairtrade.es\/?s={search_term_string}"},"query-input":{"@type":"PropertyValueSpecification","valueRequired":true,"valueName":"search_term_string"}}],"inLanguage":"pt-PT"},{"@type":"Organization","@id":"https:\/\/www.fairtrade.es\/#organization","name":"Fairtrade Ib\u00e9rica","url":"https:\/\/www.fairtrade.es\/","logo":{"@type":"ImageObject","inLanguage":"pt-PT","@id":"https:\/\/www.fairtrade.es\/#\/schema\/logo\/image\/","url":"https:\/\/www.fairtrade.es\/wp-content\/uploads\/2022\/03\/Fairtrade-iberica-logo.png","contentUrl":"https:\/\/www.fairtrade.es\/wp-content\/uploads\/2022\/03\/Fairtrade-iberica-logo.png","width":340,"height":407,"caption":"Fairtrade Ib\u00e9rica"},"image":{"@id":"https:\/\/www.fairtrade.es\/#\/schema\/logo\/image\/"},"sameAs":["https:\/\/www.facebook.com\/fairtradeiberica","https:\/\/x.com\/fairtradeES","https:\/\/www.instagram.com\/fairtradeiberica\/","https:\/\/www.linkedin.com\/company\/fairtrade-iberica","https:\/\/www.youtube.com\/user\/sellofairtrade"]}]}},"_links":{"self":[{"href":"https:\/\/www.fairtrade.es\/pt\/wp-json\/wp\/v2\/productos\/2683","targetHints":{"allow":["GET"]}}],"collection":[{"href":"https:\/\/www.fairtrade.es\/pt\/wp-json\/wp\/v2\/productos"}],"about":[{"href":"https:\/\/www.fairtrade.es\/pt\/wp-json\/wp\/v2\/types\/productos"}],"wp:featuredmedia":[{"embeddable":true,"href":"https:\/\/www.fairtrade.es\/pt\/wp-json\/wp\/v2\/media\/1747"}],"wp:attachment":[{"href":"https:\/\/www.fairtrade.es\/pt\/wp-json\/wp\/v2\/media?parent=2683"}],"wp:term":[{"taxonomy":"tipologias","embeddable":true,"href":"https:\/\/www.fairtrade.es\/pt\/wp-json\/wp\/v2\/tipologias?post=2683"},{"taxonomy":"marcas","embeddable":true,"href":"https:\/\/www.fairtrade.es\/pt\/wp-json\/wp\/v2\/marcas?post=2683"}],"curies":[{"name":"wp","href":"https:\/\/api.w.org\/{rel}","templated":true}]}}

Arroz branco aromático Hom Mali orgânico 1kg

<!-- This site is optimized with the Yoast SEO plugin v27.5 - https://yoast.com/product/yoast-seo-wordpress/ -->
<title>Arroz blanco aromático Hom Mali ecológico 1kg | Fairtrade</title>
<meta name="description" content="Arroz blanco aromático Hom Mali ecológico 1kg" />
<meta name="robots" content="noindex, follow" />
<meta property="og:locale" content="pt_PT" />
<meta property="og:type" content="article" />
<meta property="og:title" content="Arroz blanco aromático Hom Mali ecológico 1kg | Fairtrade" />
<meta property="og:description" content="Arroz blanco aromático Hom Mali ecológico 1kg" />
<meta property="og:url" content="https://www.fairtrade.es/pt/produtos/branco-arromatico-arroz-hom-mali-ecologico-1kg/" />
<meta property="og:site_name" content="Fairtrade" />
<meta property="article:publisher" content="https://www.facebook.com/fairtradeiberica" />
<meta property="og:image" content="https://www.fairtrade.es/wp-content/uploads/2022/04/arroz-blanco-aromatico-hom-mali-ecologico-1kg.jpg" />
	<meta property="og:image:width" content="500" />
	<meta property="og:image:height" content="500" />
	<meta property="og:image:type" content="image/jpeg" />
<meta name="twitter:card" content="summary_large_image" />
<meta name="twitter:site" content="@fairtradeES" />
<script type="application/ld+json" class="yoast-schema-graph">{"@context":"https:\/\/schema.org","@graph":[{"@type":"WebPage","@id":"https:\/\/www.fairtrade.es\/productos\/arroz-blanco-aromatico-hom-mali-ecologico-1kg\/","url":"https:\/\/www.fairtrade.es\/productos\/arroz-blanco-aromatico-hom-mali-ecologico-1kg\/","name":"Arroz blanco aromático Hom Mali ecológico 1kg | Fairtrade","isPartOf":{"@id":"https:\/\/www.fairtrade.es\/#website"},"primaryImageOfPage":{"@id":"https:\/\/www.fairtrade.es\/productos\/arroz-blanco-aromatico-hom-mali-ecologico-1kg\/#primaryimage"},"image":{"@id":"https:\/\/www.fairtrade.es\/productos\/arroz-blanco-aromatico-hom-mali-ecologico-1kg\/#primaryimage"},"thumbnailUrl":"https:\/\/www.fairtrade.es\/wp-content\/uploads\/2022\/04\/arroz-blanco-aromatico-hom-mali-ecologico-1kg.jpg","datePublished":"2022-05-30T14:28:31+00:00","description":"Arroz blanco aromático Hom Mali ecológico 1kg","breadcrumb":{"@id":"https:\/\/www.fairtrade.es\/productos\/arroz-blanco-aromatico-hom-mali-ecologico-1kg\/#breadcrumb"},"inLanguage":"pt-PT","potentialAction":[{"@type":"ReadAction","target":["https:\/\/www.fairtrade.es\/productos\/arroz-blanco-aromatico-hom-mali-ecologico-1kg\/"]}]},{"@type":"ImageObject","inLanguage":"pt-PT","@id":"https:\/\/www.fairtrade.es\/productos\/arroz-blanco-aromatico-hom-mali-ecologico-1kg\/#primaryimage","url":"https:\/\/www.fairtrade.es\/wp-content\/uploads\/2022\/04\/arroz-blanco-aromatico-hom-mali-ecologico-1kg.jpg","contentUrl":"https:\/\/www.fairtrade.es\/wp-content\/uploads\/2022\/04\/arroz-blanco-aromatico-hom-mali-ecologico-1kg.jpg","width":500,"height":500},{"@type":"BreadcrumbList","@id":"https:\/\/www.fairtrade.es\/productos\/arroz-blanco-aromatico-hom-mali-ecologico-1kg\/#breadcrumb","itemListElement":[{"@type":"ListItem","position":1,"name":"Portada","item":"https:\/\/www.fairtrade.es\/"},{"@type":"ListItem","position":2,"name":"Productos","item":"https:\/\/www.fairtrade.es\/productos\/"},{"@type":"ListItem","position":3,"name":"Arroz blanco aromático Hom Mali ecológico 1kg"}]},{"@type":"WebSite","@id":"https:\/\/www.fairtrade.es\/#website","url":"https:\/\/www.fairtrade.es\/","name":"Fairtrade","description":"Sello líder de comercio justo","publisher":{"@id":"https:\/\/www.fairtrade.es\/#organization"},"potentialAction":[{"@type":"SearchAction","target":{"@type":"EntryPoint","urlTemplate":"https:\/\/www.fairtrade.es\/?s={search_term_string}"},"query-input":{"@type":"PropertyValueSpecification","valueRequired":true,"valueName":"search_term_string"}}],"inLanguage":"pt-PT"},{"@type":"Organization","@id":"https:\/\/www.fairtrade.es\/#organization","name":"Fairtrade Ibérica","url":"https:\/\/www.fairtrade.es\/","logo":{"@type":"ImageObject","inLanguage":"pt-PT","@id":"https:\/\/www.fairtrade.es\/#\/schema\/logo\/image\/","url":"https:\/\/www.fairtrade.es\/wp-content\/uploads\/2022\/03\/Fairtrade-iberica-logo.png","contentUrl":"https:\/\/www.fairtrade.es\/wp-content\/uploads\/2022\/03\/Fairtrade-iberica-logo.png","width":340,"height":407,"caption":"Fairtrade Ibérica"},"image":{"@id":"https:\/\/www.fairtrade.es\/#\/schema\/logo\/image\/"},"sameAs":["https:\/\/www.facebook.com\/fairtradeiberica","https:\/\/x.com\/fairtradeES","https:\/\/www.instagram.com\/fairtradeiberica\/","https:\/\/www.linkedin.com\/company\/fairtrade-iberica","https:\/\/www.youtube.com\/user\/sellofairtrade"]}]}</script>
<!-- / Yoast SEO plugin. -->

Arroz blanco aromático Hom Mali ecológico 1kg | Fairtrade

Arroz blanco aromático Hom Mali ecológico 1kg

Sello líder de comercio justo

Fairtrade Ibérica
